ose 91*q = 673 - 127. What is j(q)?
-6
Let a(u) be the second derivative of -11*u**4/12 + u**2/2 + 55*u. Give a(1).
-10
Let a(z) = -24 - 29 - 31 - 4*z + 86. Give a(-3).
14
Let k(q) be the second derivative of q**4/12 + q**3/3 - 3*q**2/2 + 3*q - 12. Calculate k(3).
12
Let x(h) = 3*h**2 + 4*h - 4. Let g(b) = b**2 + b - 4. Let y be g(-3). Let i be x(y). Let t(v) = 8*v - i*v + 1 + 9*v. Determine t(-5).
-4
Let t(o) be the second derivative of o**5/20 - o**4/12 - o**3/6 + o**2 + 370*o. What is t(1)?
1
Let q(b) be the third derivative of b**6/120 + b**5/10 - b**4/4 + 2*b**3/3 + 2*b**2 - 111*b. Calculate q(-7).
-3
Let i(w) = 0 + 545*w**3 - 3 - 544*w**3 - 4*w + 7*w - 2*w**2. What is i(2)?
3
Suppose 3*j - 3*x + 12 = 0, 2*j + x = -2*j - 26. Let t(w) = -w**3 - 5*w**2 + 5*w - 7. Determine t(j).
-1
Let a(i) = i**2 - i + 13. Let s = 939 - 939. Calculate a(s).
13
Let j(y) be the second derivative of -y**5/20 + 2*y**4/3 - y**3 - 3*y**2 - 797*y. What is j(7)?
1
Let r(b) = b**2 - 4*b - 1. Let n be r(4). Let d be (-1*(4 - n))/(-1). Let m(s) be the third derivative of -s**5/60 + s**4/6 - s**3 - 31*s**2. What is m(d)?
-11
Let i(s) = -3*s**3 - 32*s**2 - 35*s - 17. Let k(l) = l**3 + 11*l**2 + 12*l + 6. Suppose -8*o - 36 = o. Let b(u) = o*i(u) - 11*k(u). Calculate b(-6).
-10
Suppose -5*q - 1 = -w + 6, 2*q + 13 = -3*w. Let y(x) = -8*x**2 - 3*x. What is y(q)?
-26
Let t(g) = g**3 + 3*g**2 - 10*g + 8. Let v = 121 - 120. Let s(b) = -b**2 - b + 1. Let z(d) = v*t(d) - 3*s(d). What is z(-7)?
5
Suppose -10 = -4*t + 6. Let m(n) be the second derivative of -n**6/720 + n**5/40 - n**4/2 - 2*n. Let d(x) be the third derivative of m(x). Determine d(t).
-1
Let s(j) = 3*j - 1. Let w = 44 + -42. Let q be (24/3)/w + -2. What is s(q)?
5
Let p(d) = 12 - 1 + 3 - d + 4 + 7. Calculate p(19).
6
Let l(v) be the third derivative of -1/120*v**6 - 7/6*v**3 + 2/15*v**5 - 1/4*v**4 - 53*v**2 + 0 + 0*v. What is l(7)?
0
Let x(q) be the first derivative of q**3/3 - 7*q**2/2 + 7*q - 1. Let j = -195 + 198. Suppose -j*g + 10 + 5 = 0. Determine x(g).
-3
Suppose 21*p = 936 - 306. Let g(s) = 4*s**2 + 31*s - p*s - 20*s**2. What is g(1)?
-15
Let t be 1*(8/(-8) + 0 + 5). Let v be t - ((-6)/(-3))/((-8)/(-36)). Let a(i) = -i + 4. What is a(v)?
9
Let t(p) be the first derivative of p**4/4 + 3*p**3 - 10*p - 380. Determine t(-8).
54
Let q be -15*(-12)/(-18) - -7. Let a(h) = 3*h + 2. Determine a(q).
-7
Let x(p) be the second derivative of p**3/6 + 5*p**2/2 - 23*p. Let v be ((-3)/(-6))/(1/10). Calculate x(v).
10
Let t(p) = p**2 - 7*p + 6. Suppose 2*r = -5*l + 25, 0*r + 3*r + 10 = 2*l. Let s be l/30 + 2/(-12). Suppose 2*o - 12 + 2 = s. What is t(o)?
-4
Let h(r) be the first derivative of -r**4/4 - 8*r**3/3 - 5*r**2/2 - 7*r - 14. Let c = 13 + -20. Give h(c).
-21
Let u(n) = 3 - 8 + 676*n**2 - n**3 - 667*n**2 + 10*n - 2. Give u(10).
-7
Let f be 5 - 1 - -1*7. Let s(z) = -2*z - 8. Let d(k) = k + 4. Let v(h) = f*d(h) + 6*s(h). What is v(-5)?
1
Let a(k) be the second derivative of k**6/36 - k**5/120 - k**4/4 + 32*k. Let t(b) be the third derivative of a(b). Calculate t(1).
19
Suppose k - 14 = -0*k. Suppose -w - w = -k. Let c(p) = 7*p - 4*p - p**2 + 4*p. Calculate c(w).
0
Let l(r) = r**2 - 4*r + 3. Let c = 10 + -7. Let t be l(c). Let m(b) = 7 + 5 + 216*b + b**2 - 215*b. Determine m(t).
12
Suppose 16 = -5*z - 4. Let o(t) = -t**3 - 4*t**2 + 2*t + 3. Let m be o(z). Let r be 16/m - 1/(-5). Let c(g) = g**3 + 2*g**2 + 3. What is c(r)?
-6
Let w(x) = -13*x + 81. Let v be w(6). Let m(y) = 3*y + y**2 - y**3 - 5 + y**2 + 2 + y. Calculate m(v).
0
Let o(r) = 2*r - 27. Let a be o(15). Let v(p) = -9 + 20 - 23*p + 13*p + p**a - 8*p**2. What is v(9)?
2
Let g(p) = -2*p**2 - 10*p + 10. Let z = 101 + -108. Let n(w) = -w**2 - 5*w + 5. Let l(s) = z*n(s) + 4*g(s). Determine l(-5).
5
Let l(j) be the third derivative of j**5/60 - j**4/8 + 4*j**3/3 + 249*j**2. Determine l(4).
12
Let s(n) = -n**3 + 3*n**2 - n - 1. Let q be s(2). Let j = q + 2. Let y(t) = -3 - 5*t + 27*t**2 - 26*t**2 - t**3 + 2*t**j. Give y(-3).
-6
Suppose -t - 19 = -2*t. Let g = -12 + t. Let n = -2 + g. Let f(a) = 3*a - 5. Calculate f(n).
10
Suppose 4*q + 138 = 2*g + 26, -g - 126 = 5*q. Suppose 3414*p + 180 = 3420*p. Let j = p + q. Let h(a) = a**3 - 5*a**2 + 5*a - 4. Give h(j).
0
Let k(c) be the third derivative of -c**6/120 - 7*c**5/60 - 5*c**4/24 - c**3/6 - 464*c**2. Determine k(-6).
-7
Suppose 0 = 5*f + 2 + 3, -n - 3*f = 0. Let j(k) = 6*k - k**n - k**2 + 4 + 2*k**2 - 12*k + 4*k**2. Give j(4).
-4
Let p(j) = j**3 - 2*j**2 - 10*j + 7. Let w be p(4). Let a(r) = 6*r**2 + r. Give a(w).
5
Let m be -2*(-4 + -7*(-6 - -5)). Let j(f) = -f**3 - 7*f**2 - 9*f - 7. What is j(m)?
11
Let x(j) = -j**2 + 4. Suppose 83*q - 85*q - 6 = 0. Calculate x(q).
-5
Let t(b) be the first derivative of b**2/2 - 11*b - 165. Give t(11).
0
Let q be (-70)/(-40) - (-1)/4. Suppose -t - 7 = -4*g + 2*g, 0 = -4*t - q*g - 18. Let z(n) = -1 + 6 - 10 - 2 - 3*n. What is z(t)?
8
Suppose 5*j = -o - 4, 4*j - 2*o = -3*o - 4. Let w(d) be the second derivative of j - 1/2*d**2 + 1/6*d**3 - 7*d + 1/12*d**4. Give w(1).
1
Let r(u) = -u**3 + 7*u**2 - 6*u + 12. Let v(l) = 2*l**3 - 15*l**2 + 13*l - 25. Let a(d) = -13*r(d) - 6*v(d). What is a(0)?
-6
Let b(o) = 28*o**3 + 2*o - 1. Let m be 6/(-21) - (-135)/105. Calculate b(m).
29
Let p(l) be the first derivative of -l**6/120 - 7*l**5/60 - l**4/24 - l**3/6 - 15*l**2/2 + 18. Let k(n) be the second derivative of p(n). What is k(-7)?
6
Suppose 5*w + 3*x = -23, -14 = 4*w - 14*x + 12*x. Let c(r) = r**2 - 2*r + 2. Calculate c(w).
26
Let f(c) = c**2 - c + 1. Let i(t) = t**3 - 3*t**2 - 5*t + 4. Let a be i(4). Suppose 8 = -a*r - 4*r. Calculate f(r).
7
Let m(o) = -o**3 + 6*o**2 + 6*o + 10. Let t = -40 + 50. Suppose -2*g = -2*x + t, -4*g + 29 = 5*x - 7*g. What is m(x)?
3
Let j(p) = -24 - 87 - 3*p + 114. What is j(7)?
-18
Suppose -38 - 42 = -5*l. Let z(v) = -l - 2*v + 2 + 3. What is z(-8)?
5
Let u(f) = -40*f**2 - 177*f + 7*f**2 + 175*f - 1. Give u(-1).
-32
Let t(v) = v**3 - 7*v**2 - 3. Let l(s) = 3*s**2 - 15*s + 10. Let f be l(6). Suppose -2*c = 14 - f. Calculate t(c).
-3
Let v(m) be the first derivative of -2*m**3/3 + 21*m**2/2 - 4*m + 238. Determine v(10).
6
Let s(m) = -7*m**3 - m - 2. Let o(d) = -13*d**3 - d**2 - 2*d - 4. Let p(a) = -6*o(a) + 11*s(a). Let b be (-3)/(-4)*(5 + -9). Let x = -9 - b. Give p(x).
-4
Let i(o) = -2*o - 4. Let x(r) = r + 1. Let v(c) = 2*i(c) - 2*x(c). Determine v(-7).
32
Let y(u) = u**3 - 2*u + 4. Let c = 491 + -494. Determine y(c).
-17
Let j(d) = 13*d - 35*d - 5 + 15*d + 11*d + 3. Suppose -2*l = l - 9. Let u be (16/(-12))/((-2)/l). What is j(u)?
6
Suppose 4*n - 5 = -21. Let u(f) = -4*f. Suppose -3*d = -15, -5*d + 40 = h - 6*h. Let i(k) = 3*k. Let l(v) = h*i(v) - 2*u(v). Give l(n).
4
Let w be 15 + -14 - -3*1 - 4. Let f(g) = 0*g - 27 + 26 + w*g + g. Determine f(-4).
-5
Suppose 5*m = -5*c + 10, -7*m + 11*m - 24 = 4*c. Let s(p) = 5 + 0*p - 6*p + 3*p. Determine s(m).
-7
Let w(c) be the first derivative of c**3/3 - c**2 + c - 2. Let f be (4 - 1)/(4/(8/6)). Give w(f).
0
Let s be -2 - (-8)/14 - (-96)/(-168). Let b(r) = -2*r**3 - 2*r**2 + 2*r. What is b(s)?
4
Let h = -6 + -1. Let j(s) = -s**3 - 7*s**2 - 3*s + 5. Give j(h).
26
Let l(s) = 4*s - 3. Let z be l(3). Suppose -z*b = -44 + 17. Let x(g) = -g**3 + g**2 + 2*g + 3. What is x(b)?
-9
Let u(h) = h + 9. Let v(k) = -7. Let r(q) = -2*u(q) - 3*v(q). Give r(-2).
7
Suppose -3*k + x = -4*k - 2, -38 = 5*k - 2*x. Let i = 9 + k. Let r be i - 2*14/4. Let y(n) = -n**3 - 3*n**2 + 4*n - 3. Give y(r).
-3
Let b = 10 - 7. Let x(z) be the first derivative of -1/2*z**2 + 0*z - 62. What is x(b)?
-3
Let k(n) = -2*n - 7. Let x be k(-6). Let m = 30 - 26. Let c(g) = -5*g - 3 + m*g**3 - 3*g**3 + 0*g**3 + 0*g**3 - 4*g**2. What is c(x)?
-3
Let v(t) = -t**3 + 17*t**2 + t - 25. Let l be v(17). Let o(f) = 2 - 2*f - 6 - 6. Give o(l).
6
Suppose 7*o - 3*o = -8. Let g = o - 5. Let h(p) = 1 - 4*p - p**2 - 2*p + 2. Calculate h(g).
-4
Let q be (-1 - (-6)/9)*9. Let u(r) be the first derivative of 9*r**2/2 - r - 179. What is u(q)?
-28
Let g be (2/(-6))/(1/(-15)). Let d = 55 + -31. Let y(p) = 12*p + 2 + 4*p**2 - p**3 + 16*p - d*p. What is y(g)?
-3
Let g(k) = k**3 - 6*k**2 + 2*k + 5. Let i(p) = -3*p - 39. Let l be i(-14). Suppose -l*y + 14 = v + 4*v, -y - 10 = -2*v. Give 